 103882080?
8
What is the units digit of 101216498?
8
What is the ten millions digit of 32292851?
3
What is the hundred millions digit of 649467435?
6
What is the units digit of 249103189?
9
What is the hundreds digit of 53763637?
6
What is the ten thousands digit of 55123929?
2
What is the tens digit of 168596533?
3
What is the ten millions digit of 50197755?
5
What is the hundreds digit of 639699733?
7
What is the ten millions digit of 910489378?
1
What is the ten millions digit of 874463770?
7
What is the millions digit of 1688629305?
8
What is the hundred thousands digit of 50772161?
7
What is the hundreds digit of 950595563?
5
What is the ten thousands digit of 1145283939?
8
What is the units digit of 16248428?
8
What is the hundred millions digit of 371457034?
3
What is the millions digit of 21593036?
1
What is the tens digit of 7812817980?
8
What is the hundreds digit of 554527484?
4
What is the ten thousands digit of 88033059?
3
What is the millions digit of 1674181888?
4
What is the ten thousands digit of 724070740?
7
What is the ten thousands digit of 125660974?
6
What is the ten millions digit of 127346402?
2
What is the units digit of 21874552?
2
What is the units digit of 4722896251?
1
What is the hundreds digit of 47480780?
7
What is the units digit of 186137752?
2
What is the hundreds digit of 34370555?
5
What is the hundred millions digit of 117280978?
1
What is the ten thousands digit of 1466356717?
5
What is the ten millions digit of 427872942?
2
What is the billions digit of 5311222243?
5
What is the ten millions digit of 434942457?
3
What is the units digit of 43874152?
2
What is the billions digit of 1704118175?
1
What is the thousands digit of 61025572?
5
What is the hundred millions digit of 3001806502?
0
What is the hundreds digit of 31141575?
5
What is the millions digit of 2590176708?
0
What is the hundreds digit of 1048764663?
6
What is the hundred millions digit of 1743008005?
7
What is the hundreds digit of 23219566?
5
What is the tens digit of 585891635?
3
What is the tens digit of 216899974?
7
What is the hundred thousands digit of 225522930?
5
What is the thousands digit of 806974704?
4
What is the ten thousands digit of 3837154575?
5
What is the hundred millions digit of 739302411?
7
What is the units digit of 2156504897?
7
What is the ten thousands digit of 33533039?
3
What is the hundred millions digit of 151215189?
1
What is the tens digit of 52944812?
1
What is the tens digit of 262082347?
4
What is the ten millions digit of 1313543159?
1
What is the millions digit of 342981875?
2
What is the tens digit of 4825878?
7
What is the thousands digit of 80801498?
1
What is the hundred thousands digit of 1839116101?
1
What is the hundreds digit of 640515875?
8
What is the units digit of 732766965?
5
What is the units digit of 49635367?
7
What is the thousands digit of 20067975?
7
What is the hundreds digit of 10367964?
9
What is the ten thousands digit of 121195157?
9
What is the ten thousands digit of 530167604?
6
What is the tens digit of 329856939?
3
What is the thousands digit of 529962378?
2
What is the millions digit of 131416159?
1
What is the hundreds digit of 2417570700?
7
What is the ten thousands digit of 12883263?
8
What is the ten thousands digit of 8806125?
0
What is the tens digit of 94077700?
0
What is the hundreds digit of 640254158?
1
What is the tens digit of 91493442?
4
What is the units digit of 55788484?
4
What is the hundred thousands digit of 181728927?
7
What is the thousands digit of 549378691?
8
What is the thousands digit of 5893268?
3
What is the hundred thousands digit of 202251076?
2
What is the tens digit of 1192841808?
0
What is the thousands digit of 452058834?
8
What is the ten thousands digit of 1059167925?
6
What is the ten millions digit of 57347553?
5
What is the units digit of 424217566?
6
What is the millions digit of 2719913713?
9
What is the millions digit of 80211777?
0
What is the thousands digit of 124084229?
4
What is the units digit of 892619819?
9
What is the hundred thousands digit of 173645693?
6
What is the millions digit of 358344426?
8
What is the ten millions digit of 423514213?
2
What is the ten millions digit of 275534067?
7
What is the units digit of 3271009543?
3
What is the tens digit of 129099557?
5
What is the thousands digit of 315719825?
9
What is the hundred thousands digit of 4268472884?
4
What is the hundreds digit of 332827581?
5
What is the tens digit of 24282062?
6
What is the hundreds digit of 3088097952?
9
What is the tens digit of 226428129?
2
What is the hundred thousands digit of 109460337?
4
What is the hundreds digit of 170459168?
1
What is the hundreds digit of 173060269?
2
What is the ten millions digit of 163812199?
6
What is the hundred thousands digit of 77626785?
6
What is the hundred thousands digit of 420351049?
3
What is the thousands digit of 5130087029?
7
What is the ten millions digit of 38309606?
3
What is the thousands digit of 66699431?
9
What is the hundred thousands digit of 43016243?
0
What is the tens digit of 157725447?
4
What is the hundreds digit of 81023820?
8
What is the hundred thousands digit of 1226235040?
2
What is the ten thousands digit of 3209796093?
9
What is the ten thousands digit of 90617270?
1
What is the tens digit of 15169401?
0
What is the tens digit of 60578579?
7
What is the hundred thousands digit of 7718474555?
4
What is the millions digit of 191077717?
1
What is the hundreds digit of 3024847685?
6
What is the tens digit of 41481283?
8
What is the billions digit of 1688447681?
1
What is the millions digit of 3843134342?
3
What is the ten millions digit of 19875163?
1
What is the thousands digit of 495571264?
1
What is the hundred millions digit of 818981521?
8
What is the hundred thousands digit of 1361607873?
6
What is the hundred thousands digit of 592667?
5
What is the hundreds digit of 3950071414?
4
What is the hundred thousands digit of 1928629882?
6
What is the thousands digit of 567918418?
8
What is the ten millions digit of 300160451?
0
What is the millions digit of 44037975?
4
What is the tens digit of 68799137?
3
What is the units digit of 1228888422?
2
What is the thousands digit of 868686840?
6
What is the millions digit of 67634902?
7
What is the hundreds digit of 521946962?
9
What is the thousands digit of 427698924?
8
What is the ten millions digit of 11485697?
1
What is the millions digit of 1077166360?
7
What is the hundred thousands digit of 29731719?
7
What is the hundred thousands digit of 253765847?
7
What is the tens digit of 43868546?
4
What is the ten thousands digit of 798783422?
8
What is the hundreds digit of 3138225686?
6
What is the millions digit of 87842611?
7
What is the units digit of 25359152?
2
What is the units digit of 162018810?
0
What is the billions digit of 1498220994?
1
What is the hundred millions digit of 9196450518?
1
What is the ten millions digit of 548418813?
4
What is the billions digit of 1400345689?
1
What is the hundreds digit of 43669030?
0
What is the hundreds digit of 28774915?
9
What is the tens digit of 115713660?
6
What is the ten millions digit of 90794315?
9
What is the tens digit of 411256173?
7
What is the thousands digit of 476443638?
3
What is the ten millions digit of 91952437?
9
What is the millions digit of 114119368?
4
What is the hundred millions digit of 3246264816?
2
What is the units digit of 304851594?
4
What is the millions digit of 2265169393?
5
What is the units digit of 1415972511?
1
What is the ten thousands digit of 237117451?
1
What is the thousands digit of 194956361?
6
What is the tens digit of 39197457?
5
What is the tens digit of 1145194248?
4
What is the ten thousands digit of 314097654?
9
What is the millions digit of 16505905?
6
What is the ten millions digit of 118352392?
1
What is the hundreds digit of 172716967?
9
What is the ten thousands digit of 489028656?
2
What is the millions digit of 84589484?
4
What is the ten thousands digit of 854330672?
3
What is the units digit of 1162896096?
6
What is the hundred millions digit of 433867991?
4
What is the hundred thousands digit of 154806297?
8
What is the ten thousands digit of 3466339779?
3
What is the ten millions digit of 25090487?
2
What is the million